{"id":634,"date":"2022-05-15T21:27:38","date_gmt":"2022-05-15T21:27:38","guid":{"rendered":"https:\/\/www.loistopaljut.fi\/?page_id=634"},"modified":"2023-12-18T13:33:56","modified_gmt":"2023-12-18T13:33:56","slug":"ukk","status":"publish","type":"page","link":"https:\/\/www.loistopaljut.fi\/index.php\/ukk\/","title":{"rendered":"UKK"},"content":{"rendered":"<p>[et_pb_section fb_built=&#8221;1&#8243; _builder_version=&#8221;4.16.1&#8243; _module_preset=&#8221;default&#8221; background_color=&#8221;#000000&#8243; min_height=&#8221;85px&#8221; custom_margin=&#8221;||-101px|||&#8221; custom_padding=&#8221;||7px|||&#8221; global_colors_info=&#8221;{}&#8221;][et_pb_row _builder_version=&#8221;4.16.1&#8243; _module_preset=&#8221;default&#8221; global_colors_info=&#8221;{}&#8221;][et_pb_column type=&#8221;4_4&#8243; _builder_version=&#8221;4.16.1&#8243; _module_preset=&#8221;default&#8221; global_colors_info=&#8221;{}&#8221;][et_pb_text _builder_version=&#8221;4.17.0&#8243; _module_preset=&#8221;default&#8221; header_font=&#8221;Montserrat||||||||&#8221; header_text_color=&#8221;#FFFFFF&#8221; min_height=&#8221;63px&#8221; custom_padding=&#8221;||9px|||&#8221; global_colors_info=&#8221;{}&#8221;]<\/p>\n<h1 style=\"text-align: center;\">Usein kysytyt kysymykset<\/h1>\n<p>[\/et_pb_text][\/et_pb_column][\/et_pb_row][\/et_pb_section][et_pb_section fb_built=&#8221;1&#8243; _builder_version=&#8221;4.16.1&#8243; _module_preset=&#8221;default&#8221; background_color=&#8221;#000000&#8243; min_height=&#8221;144.6px&#8221; custom_padding=&#8221;||0px|||&#8221; global_colors_info=&#8221;{}&#8221;][et_pb_row _builder_version=&#8221;4.16.1&#8243; _module_preset=&#8221;default&#8221; min_height=&#8221;93.6px&#8221; custom_padding=&#8221;|||20px||&#8221; global_colors_info=&#8221;{}&#8221;][et_pb_column type=&#8221;4_4&#8243; _builder_version=&#8221;4.16.1&#8243; _module_preset=&#8221;default&#8221; global_colors_info=&#8221;{}&#8221;][et_pb_text _builder_version=&#8221;4.17.4&#8243; _module_preset=&#8221;default&#8221; text_font=&#8221;Montserrat||||||||&#8221; text_text_color=&#8221;#FFFFFF&#8221; min_height=&#8221;32.6px&#8221; global_colors_info=&#8221;{}&#8221;]<\/p>\n<h2><span style=\"color: #ffffff;\">Miten vuokraan paljun?<\/span><\/h2>\n<p>Vuokrauksen tekeminen onnistuu sivustolla olevasta lomakkeesta, s\u00e4hk\u00f6postilla tai puhelimitse.<\/p>\n<h2><span style=\"color: #ffffff;\">Kauanko paljun l\u00e4mmitt\u00e4misess\u00e4 kest\u00e4\u00e4?<\/span><\/h2>\n<p>L\u00e4mmityksess\u00e4 kest\u00e4\u00e4 ulkol\u00e4mp\u00f6tilasta riippuen noin 3 tuntia.\u00a0 Kun paljun l\u00e4mp\u00f6tila ylitt\u00e4\u00e4 30 astetta, niin lis\u00e4\u00e4 t\u00e4m\u00e4n j\u00e4lkeen pieni\u00e4 m\u00e4\u00e4ri\u00e4 puita v\u00e4ltt\u00e4\u00e4ksesi paljun ylikuumeneminen. Paljun nautinnollinen l\u00e4mp\u00f6tila on 37-40 astetta.\u00a0<span style=\"color: #ffffff;\"><\/span><span style=\"color: #ffffff;\"><\/span><\/p>\n<h2><span style=\"color: #ffffff;\">Miten nouto toimii?<\/span><\/h2>\n<p>Varauksen yhteydess\u00e4 ilmoitamme teille tarkemmat ohjeet paljun noutamista varten.<\/p>\n<h2><span style=\"color: #ffffff;\">Milloin voin noutaa paljun?<\/span><\/h2>\n<p>Paljun nouto on kello 15 varauksen alkamisp\u00e4iv\u00e4n\u00e4, jos muuta ei ole sovittu.<\/p>\n<h2><span style=\"color: #ffffff;\">Milloin palju tulee palauttaa vuokrauksen j\u00e4lkeen?<\/span><\/h2>\n<p>Palju tulee palauttaa kello 12 menness\u00e4, jos muuta ei ole sovittu.<\/p>\n<h2><span style=\"color: #ffffff;\">Kuinka monta henkil\u00f6\u00e4 paljuun mahtuu?<\/span><\/h2>\n<p>Paljuun mahtuu kerrallaan 6-8 henkil\u00f6\u00e4.<\/p>\n<h2><span style=\"color: #ffffff;\">Paljonko paljuun menee vett\u00e4?<\/span><\/h2>\n<p>Paljun t\u00e4ytt\u00e4miseen menee vett\u00e4 noin 1500 litraa.<\/p>\n<h2><span style=\"color: #ffffff;\">Tarvitseeko paljuk\u00e4rryn kuljettaminen millaisen ajokortin?<\/span><\/h2>\n<p><span style=\"color: #ffffff;\">Paljuk\u00e4rry\u00e4 voi kuljettaa B-luokan ajokortilla. Kuljettajalta vaaditaan voimassa oleva ajokortti k\u00e4rryn kuljettamiseen.<\/span><\/p>\n<p>[\/et_pb_text][\/et_pb_column][\/et_pb_row][\/et_pb_section][et_pb_section fb_built=&#8221;1&#8243; _builder_version=&#8221;4.17.4&#8243; _module_preset=&#8221;default&#8221; background_color=&#8221;#000000&#8243; global_colors_info=&#8221;{}&#8221;][et_pb_row _builder_version=&#8221;4.17.4&#8243; _module_preset=&#8221;default&#8221; global_colors_info=&#8221;{}&#8221;][et_pb_column type=&#8221;4_4&#8243; _builder_version=&#8221;4.17.4&#8243; _module_preset=&#8221;default&#8221; global_colors_info=&#8221;{}&#8221;][\/et_pb_column][\/et_pb_row][\/et_pb_section][et_pb_section fb_built=&#8221;1&#8243; _builder_version=&#8221;4.17.4&#8243; _module_preset=&#8221;default&#8221; background_color=&#8221;#000000&#8243; min_height=&#8221;216px&#8221; global_colors_info=&#8221;{}&#8221;][et_pb_row _builder_version=&#8221;4.17.4&#8243; _module_preset=&#8221;default&#8221; global_colors_info=&#8221;{}&#8221;][et_pb_column type=&#8221;4_4&#8243; _builder_version=&#8221;4.17.4&#8243; _module_preset=&#8221;default&#8221; global_colors_info=&#8221;{}&#8221;][\/et_pb_column][\/et_pb_row][\/et_pb_section][et_pb_section fb_built=&#8221;1&#8243; _builder_version=&#8221;4.17.4&#8243; _module_preset=&#8221;default&#8221; background_color=&#8221;#000000&#8243; global_colors_info=&#8221;{}&#8221;][et_pb_row _builder_version=&#8221;4.17.4&#8243; _module_preset=&#8221;default&#8221; global_colors_info=&#8221;{}&#8221;][et_pb_column type=&#8221;4_4&#8243; _builder_version=&#8221;4.17.4&#8243; _module_preset=&#8221;default&#8221; global_colors_info=&#8221;{}&#8221;][et_pb_button button_url=&#8221;@ET-DC@eyJkeW5hbWljIjp0cnVlLCJjb250ZW50IjoicG9zdF9saW5rX3VybF9wYWdlIiwic2V0dGluZ3MiOnsicG9zdF9pZCI6IjIzNyJ9fQ==@&#8221; button_text=&#8221;Vuokraamaan&#8221; button_alignment=&#8221;center&#8221; _builder_version=&#8221;4.17.4&#8243; _dynamic_attributes=&#8221;button_url&#8221; custom_button=&#8221;on&#8221; button_text_color=&#8221;#ffffff&#8221; button_border_width=&#8221;4px&#8221; button_border_color=&#8221;#ffffff&#8221; button_border_radius=&#8221;100px&#8221; button_letter_spacing=&#8221;2px&#8221; button_font=&#8221;Montserrat|on||on|&#8221; button_icon=&#8221;&#x45;||divi||400&#8243; animation_style=&#8221;fade&#8221; button_text_color_hover=&#8221;#ffffff&#8221; button_border_color_hover=&#8221;#ffffff&#8221; button_letter_spacing_hover=&#8221;2px&#8221; button_bg_color_hover=&#8221;rgba(0,0,0,0)&#8221; locked=&#8221;off&#8221; global_colors_info=&#8221;{}&#8221; button_text_size__hover_enabled=&#8221;off&#8221; button_one_text_size__hover_enabled=&#8221;off&#8221; button_two_text_size__hover_enabled=&#8221;off&#8221; button_text_color__hover_enabled=&#8221;on&#8221; button_text_color__hover=&#8221;#ffffff&#8221; button_one_text_color__hover_enabled=&#8221;off&#8221; button_two_text_color__hover_enabled=&#8221;off&#8221; button_border_width__hover_enabled=&#8221;off&#8221; button_one_border_width__hover_enabled=&#8221;off&#8221; button_two_border_width__hover_enabled=&#8221;off&#8221; button_border_color__hover_enabled=&#8221;on&#8221; button_border_color__hover=&#8221;#ffffff&#8221; button_one_border_color__hover_enabled=&#8221;off&#8221; button_two_border_color__hover_enabled=&#8221;off&#8221; button_border_radius__hover_enabled=&#8221;off&#8221; button_one_border_radius__hover_enabled=&#8221;off&#8221; button_two_border_radius__hover_enabled=&#8221;off&#8221; button_letter_spacing__hover_enabled=&#8221;on&#8221; button_letter_spacing__hover=&#8221;2px&#8221; button_one_letter_spacing__hover_enabled=&#8221;off&#8221; button_two_letter_spacing__hover_enabled=&#8221;off&#8221; button_bg_color__hover_enabled=&#8221;on&#8221; button_bg_color__hover=&#8221;rgba(0,0,0,0)&#8221; button_one_bg_color__hover_enabled=&#8221;off&#8221; button_two_bg_color__hover_enabled=&#8221;off&#8221;][\/et_pb_button][\/et_pb_column][\/et_pb_row][\/et_pb_section]<\/p>\n","protected":false},"excerpt":{"rendered":"<p>Usein kysytyt kysymyksetMiten vuokraan paljun? Vuokrauksen tekeminen onnistuu sivustolla olevasta lomakkeesta, s\u00e4hk\u00f6postilla tai puhelimitse. Kauanko paljun l\u00e4mmitt\u00e4misess\u00e4 kest\u00e4\u00e4? L\u00e4mmityksess\u00e4 kest\u00e4\u00e4 ulkol\u00e4mp\u00f6tilasta riippuen noin 3 tuntia.\u00a0 Kun paljun l\u00e4mp\u00f6tila ylitt\u00e4\u00e4 30 astetta, niin lis\u00e4\u00e4 t\u00e4m\u00e4n j\u00e4lkeen pieni\u00e4 m\u00e4\u00e4ri\u00e4 puita v\u00e4ltt\u00e4\u00e4ksesi paljun ylikuumeneminen. Paljun nautinnollinen l\u00e4mp\u00f6tila on 37-40 astetta.\u00a0 Miten nouto toimii? Varauksen yhteydess\u00e4 ilmoitamme teille tarkemmat [&hellip;]<\/p>\n","protected":false},"author":1,"featured_media":0,"parent":0,"menu_order":0,"comment_status":"closed","ping_status":"closed","template":"","meta":{"_et_pb_use_builder":"on","_et_pb_old_content":"","_et_gb_content_width":"","footnotes":""},"class_list":["post-634","page","type-page","status-publish","hentry"],"yoast_head":"<!-- This site is optimized with the Yoast SEO plugin v27.4 - https:\/\/yoast.com\/product\/yoast-seo-wordpress\/ -->\n<title>Paljun vuokraus - Ruka - Kuusamo &#8211; Loistopaljut.fi<\/title>\n<meta name=\"description\" content=\"T\u00e4lle sivulle on koottu usein kysytyt kysymykset koskien paljun vuokrausta.\" \/>\n<meta name=\"robots\" content=\"index, follow, max-snippet:-1, max-image-preview:large, max-video-preview:-1\" \/>\n<link rel=\"canonical\" href=\"https:\/\/www.loistopaljut.fi\/index.php\/ukk\/\" \/>\n<meta property=\"og:locale\" content=\"fi_FI\" \/>\n<meta property=\"og:type\" content=\"article\" \/>\n<meta property=\"og:title\" content=\"Paljun vuokraus - Ruka - Kuusamo &#8211; Loistopaljut.fi\" \/>\n<meta property=\"og:description\" content=\"T\u00e4lle sivulle on koottu usein kysytyt kysymykset koskien paljun vuokrausta.\" \/>\n<meta property=\"og:url\" content=\"https:\/\/www.loistopaljut.fi\/index.php\/ukk\/\" \/>\n<meta property=\"og:site_name\" content=\"Vuokraa palju - Ruka-Kuusamo | Loistopaljut.fi\" \/>\n<meta property=\"article:modified_time\" content=\"2023-12-18T13:33:56+00:00\" \/>\n<meta name=\"twitter:card\" content=\"summary_large_image\" \/>\n<meta name=\"twitter:label1\" content=\"Arvioitu lukuaika\" \/>\n\t<meta name=\"twitter:data1\" content=\"2 minuuttia\" \/>\n<script type=\"application\/ld+json\" class=\"yoast-schema-graph\">{\"@context\":\"https:\\\/\\\/schema.org\",\"@graph\":[{\"@type\":\"WebPage\",\"@id\":\"https:\\\/\\\/www.loistopaljut.fi\\\/index.php\\\/ukk\\\/\",\"url\":\"https:\\\/\\\/www.loistopaljut.fi\\\/index.php\\\/ukk\\\/\",\"name\":\"Paljun vuokraus - Ruka - Kuusamo &#8211; Loistopaljut.fi\",\"isPartOf\":{\"@id\":\"https:\\\/\\\/www.loistopaljut.fi\\\/#website\"},\"datePublished\":\"2022-05-15T21:27:38+00:00\",\"dateModified\":\"2023-12-18T13:33:56+00:00\",\"description\":\"T\u00e4lle sivulle on koottu usein kysytyt kysymykset koskien paljun vuokrausta.\",\"breadcrumb\":{\"@id\":\"https:\\\/\\\/www.loistopaljut.fi\\\/index.php\\\/ukk\\\/#breadcrumb\"},\"inLanguage\":\"fi\",\"potentialAction\":[{\"@type\":\"ReadAction\",\"target\":[\"https:\\\/\\\/www.loistopaljut.fi\\\/index.php\\\/ukk\\\/\"]}]},{\"@type\":\"BreadcrumbList\",\"@id\":\"https:\\\/\\\/www.loistopaljut.fi\\\/index.php\\\/ukk\\\/#breadcrumb\",\"itemListElement\":[{\"@type\":\"ListItem\",\"position\":1,\"name\":\"Home\",\"item\":\"https:\\\/\\\/www.loistopaljut.fi\\\/\"},{\"@type\":\"ListItem\",\"position\":2,\"name\":\"UKK\"}]},{\"@type\":\"WebSite\",\"@id\":\"https:\\\/\\\/www.loistopaljut.fi\\\/#website\",\"url\":\"https:\\\/\\\/www.loistopaljut.fi\\\/\",\"name\":\"Vuokraa palju - Ruka-Kuusamo | Loistopaljut.fi\",\"description\":\"Loistopaljut &mdash; Paljun vuokrausta Ruka-Kuusamo\",\"potentialAction\":[{\"@type\":\"SearchAction\",\"target\":{\"@type\":\"EntryPoint\",\"urlTemplate\":\"https:\\\/\\\/www.loistopaljut.fi\\\/?s={search_term_string}\"},\"query-input\":{\"@type\":\"PropertyValueSpecification\",\"valueRequired\":true,\"valueName\":\"search_term_string\"}}],\"inLanguage\":\"fi\"}]}<\/script>\n<!-- \/ Yoast SEO plugin. -->","yoast_head_json":{"title":"Paljun vuokraus - Ruka - Kuusamo &#8211; Loistopaljut.fi","description":"T\u00e4lle sivulle on koottu usein kysytyt kysymykset koskien paljun vuokrausta.","robots":{"index":"index","follow":"follow","max-snippet":"max-snippet:-1","max-image-preview":"max-image-preview:large","max-video-preview":"max-video-preview:-1"},"canonical":"https:\/\/www.loistopaljut.fi\/index.php\/ukk\/","og_locale":"fi_FI","og_type":"article","og_title":"Paljun vuokraus - Ruka - Kuusamo &#8211; Loistopaljut.fi","og_description":"T\u00e4lle sivulle on koottu usein kysytyt kysymykset koskien paljun vuokrausta.","og_url":"https:\/\/www.loistopaljut.fi\/index.php\/ukk\/","og_site_name":"Vuokraa palju - Ruka-Kuusamo | Loistopaljut.fi","article_modified_time":"2023-12-18T13:33:56+00:00","twitter_card":"summary_large_image","twitter_misc":{"Arvioitu lukuaika":"2 minuuttia"},"schema":{"@context":"https:\/\/schema.org","@graph":[{"@type":"WebPage","@id":"https:\/\/www.loistopaljut.fi\/index.php\/ukk\/","url":"https:\/\/www.loistopaljut.fi\/index.php\/ukk\/","name":"Paljun vuokraus - Ruka - Kuusamo &#8211; Loistopaljut.fi","isPartOf":{"@id":"https:\/\/www.loistopaljut.fi\/#website"},"datePublished":"2022-05-15T21:27:38+00:00","dateModified":"2023-12-18T13:33:56+00:00","description":"T\u00e4lle sivulle on koottu usein kysytyt kysymykset koskien paljun vuokrausta.","breadcrumb":{"@id":"https:\/\/www.loistopaljut.fi\/index.php\/ukk\/#breadcrumb"},"inLanguage":"fi","potentialAction":[{"@type":"ReadAction","target":["https:\/\/www.loistopaljut.fi\/index.php\/ukk\/"]}]},{"@type":"BreadcrumbList","@id":"https:\/\/www.loistopaljut.fi\/index.php\/ukk\/#breadcrumb","itemListElement":[{"@type":"ListItem","position":1,"name":"Home","item":"https:\/\/www.loistopaljut.fi\/"},{"@type":"ListItem","position":2,"name":"UKK"}]},{"@type":"WebSite","@id":"https:\/\/www.loistopaljut.fi\/#website","url":"https:\/\/www.loistopaljut.fi\/","name":"Vuokraa palju - Ruka-Kuusamo | Loistopaljut.fi","description":"Loistopaljut &mdash; Paljun vuokrausta Ruka-Kuusamo","potentialAction":[{"@type":"SearchAction","target":{"@type":"EntryPoint","urlTemplate":"https:\/\/www.loistopaljut.fi\/?s={search_term_string}"},"query-input":{"@type":"PropertyValueSpecification","valueRequired":true,"valueName":"search_term_string"}}],"inLanguage":"fi"}]}},"_links":{"self":[{"href":"https:\/\/www.loistopaljut.fi\/index.php\/wp-json\/wp\/v2\/pages\/634","targetHints":{"allow":["GET"]}}],"collection":[{"href":"https:\/\/www.loistopaljut.fi\/index.php\/wp-json\/wp\/v2\/pages"}],"about":[{"href":"https:\/\/www.loistopaljut.fi\/index.php\/wp-json\/wp\/v2\/types\/page"}],"author":[{"embeddable":true,"href":"https:\/\/www.loistopaljut.fi\/index.php\/wp-json\/wp\/v2\/users\/1"}],"replies":[{"embeddable":true,"href":"https:\/\/www.loistopaljut.fi\/index.php\/wp-json\/wp\/v2\/comments?post=634"}],"version-history":[{"count":15,"href":"https:\/\/www.loistopaljut.fi\/index.php\/wp-json\/wp\/v2\/pages\/634\/revisions"}],"predecessor-version":[{"id":1185,"href":"https:\/\/www.loistopaljut.fi\/index.php\/wp-json\/wp\/v2\/pages\/634\/revisions\/1185"}],"wp:attachment":[{"href":"https:\/\/www.loistopaljut.fi\/index.php\/wp-json\/wp\/v2\/media?parent=634"}],"curies":[{"name":"wp","href":"https:\/\/api.w.org\/{rel}","templated":true}]}}